ghest common factor of 256184798 and 68?
34
Calculate the greatest common divisor of 22260 and 228480.
420
What is the highest common divisor of 2353726 and 1580?
158
What is the highest common divisor of 6756 and 39005766?
3378
What is the highest common factor of 41757 and 5034?
3
Calculate the highest common factor of 2110059 and 3486.
21
Calculate the highest common divisor of 572660 and 31900.
220
Calculate the greatest common factor of 192 and 271125552.
48
Calculate the greatest common divisor of 1860 and 76458090.
930
What is the highest common divisor of 220978 and 682?
2
Calculate the greatest common divisor of 74581596 and 156.
12
Calculate the highest common factor of 347238 and 42117.
303
Calculate the highest common divisor of 6474 and 54729038.
2158
Calculate the highest common factor of 47182 and 1082148.
62
Calculate the highest common divisor of 8 and 8942092.
4
Calculate the highest common factor of 5764 and 8814256.
44
What is the greatest common factor of 23915206 and 21?
7
What is the greatest common divisor of 13018 and 601910?
46
What is the highest common divisor of 440413312 and 18048?
6016
What is the greatest common factor of 70817 and 18578686?
3079
What is the greatest common divisor of 1176434 and 3570?
238
What is the highest common divisor of 302 and 703301828?
302
Calculate the highest common divisor of 106 and 3022766.
2
Calculate the greatest common divisor of 426 and 760791.
3
Calculate the greatest common divisor of 56035420 and 49.
49
Calculate the greatest common factor of 3098844 and 2484.
108
What is the greatest common divisor of 5444081 and 317174?
1109
What is the highest common divisor of 1583895 and 38985?
345
What is the highest common factor of 234440394 and 236?
118
What is the greatest common divisor of 846510 and 1920?
30
Calculate the highest common factor of 180393 and 1019715.
471
What is the greatest common factor of 493636000 and 104?
104
What is the greatest common divisor of 4 and 1710265?
1
Calculate the highest common factor of 15812500 and 776875.
6875
Calculate the highest common factor of 11189605 and 16275.
1085
What is the highest common divisor of 808101 and 27?
9
What is the highest common factor of 410130 and 775?
155
What is the greatest common divisor of 6954738448 and 16?
16
What is the highest common divisor of 207252826 and 7304?
1826
Calculate the greatest common divisor of 2792 and 570092198.
698
Calculate the highest common factor of 4228 and 98945.
7
What is the greatest common factor of 63 and 230439447?
63
What is the greatest common divisor of 78120 and 289881?
279
Calculate the highest common factor of 1332 and 23553.
9
Calculate the greatest common divisor of 2744 and 654647.
7
What is the greatest common factor of 1308455 and 152869?
2591
Calculate the highest common divisor of 24 and 507978808.
8
Calculate the highest common factor of 1055 and 178131686.
211
Calculate the greatest common divisor of 3118707 and 2364.
591
What is the greatest common factor of 1029557 and 667663?
449
Calculate the greatest common factor of 3844074707 and 407.
407
Calculate the highest common divisor of 86427444 and 12.
12
What is the highest common divisor of 45220 and 3073260?
340
What is the greatest common divisor of 4410 and 84470?
10
Calculate the greatest common divisor of 3 and 1382779.
1
What is the greatest common divisor of 196453725 and 10?
5
Calculate the greatest common divisor of 45714571 and 36568.
4571
What is the highest common factor of 19382755 and 247?
19
Calculate the highest common factor of 575194789 and 47.
47
Calculate the highest common divisor of 584612 and 35924.
28
What is the greatest common factor of 63616 and 1469132?
1988
What is the highest common factor of 688980 and 228?
12
What is the greatest common divisor of 14520923 and 4541?
239
What is the highest common divisor of 4537 and 1286724959?
4537
What is the highest common factor of 4258266 and 18998?
2714
What is the greatest common factor of 761211 and 87120?
1089
Calculate the highest common factor of 431062817 and 1.
1
Calculate the highest common divisor of 391981 and 104131.
101
Calculate the greatest common factor of 15710686 and 34.
34
Calculate the greatest common divisor of 15 and 226119885.
15
What is the greatest common divisor of 5500 and 136037?
11
What is the highest common factor of 112 and 375970?
14
Calculate the highest common divisor of 48 and 36496524.
12
What is the greatest common factor of 713 and 8924621?
713
What is the highest common divisor of 3081696 and 11985?
141
Calculate the greatest common divisor of 1597726 and 978.
326
What is the greatest common factor of 216150 and 2871913?
1441
What is the highest common divisor of 18986517 and 36?
9
What is the highest common divisor of 838556498 and 3068?
1534
Calculate the greatest common divisor of 2027 and 1693.
1
Calculate the greatest common divisor of 1573 and 529243.
143
What is the highest common factor of 1001625 and 575?
25
Calculate the greatest common divisor of 62 and 4436757014.
62
What is the highest common divisor of 95013 and 2252772?
1377
What is the highest common divisor of 5935774 and 78?
26
Calculate the greatest common factor of 17235 and 198317400.
5745
Calculate the greatest common factor of 47748 and 2065676.
92
What is the highest common factor of 2310 and 131010?
330
What is the greatest common divisor of 90 and 75565944?
18
What is the greatest common factor of 96 and 973005456?
48
Calculate the highest common factor of 347975 and 1050.
25
Calculate the greatest common divisor of 14137196 and 688.
172
What is the highest common factor of 10756151 and 35?
7
What is the greatest common divisor of 3036 and 6968379?
759
What is the highest common factor of 3 and 9302915?
1
Calculate the greatest common factor of 6970326 and 2178.
726
Calculate the greatest common factor of 3390653 and 8134.
49
Calculate the greatest common divisor of 642966 and 70902.
606
What is the greatest common factor of 42229062 and 4070?
74
What is the greatest common factor of 270272 and 278144?
2624
What is the highest common divisor of 54 and 24531516?
18
Calculate the highest common divisor of 507843 and 9321203.
2687
What is the greatest common divisor of 12752 and 11888?
16
Calculate the greatest common factor of 11 and 524693499.
11
What is the greatest common divisor of 2376231440 and 1544?
1544
What is the greatest common factor of 930 and 726360?
30
Calculate the greatest common factor of 22793540 and 9348.
3116
Calculate the highest common factor of 15300473 and 181.
181
Calculate the greatest common divisor of 89764918 and 754.
58
What is the highest common factor of 385 and 52195?
55
What is the greatest common divisor of 89599105 and 73?
73
Calculate the highest common factor of 375 and 55515.
15
What is the greatest common factor of 5138 and 10951514?
14
Calculate the highest common divisor of 2376 and 4454703.
297
What is the highest common divisor of 865899 and 180?
9
What is the highest common factor of 117487971 and 9?
9
Calculate the highest common factor of 10 and 9499790.
10
What is the greatest common divisor of 143 and 6818175?
13
Calculate the highest common divisor of 65953480 and 840.
40
What is the greatest common divisor of 618878263 and 14338?
7169
Calculate the highest common factor of 21660318 and 37.
37
Calculate the highest common factor of 622 and 7246.
2
What is the highest common divisor of 38024 and 586040?
392
What is the highest common divisor of 849837 and 15936?
249
What is the highest common divisor of 17248692 and 84?
12
What is the highest common divisor of 13101 and 884946348?
13101
What is the highest common divisor of 3741 and 2237161?
43
What is the highest common factor of 5676 and 3873276?
132
Calculate the highest common divisor of 145203 and 17659689.
5007
Calculate the highest common factor of 107370 and 342.
18
Calculate the greatest common divisor of 5 and 2531745.
5
What is the highest common divisor of 225 and 6242300?
25
What is the greatest common factor of 59630 and 9790?
890
Calculate the greatest common factor of 151885426 and 308.
154
Calculate the highest common factor of 104050 and 235525.
25
What is the highest common factor of 241182158 and 1358?
135